*h**5. Determine f(-7).
-1
Let s(x) be the second derivative of 1/20*x**5 + 5/2*x**2 + 0 - 1/3*x**3 - 146*x - 5/12*x**4. Calculate s(5).
-5
Let n(g) = g**3 + 7*g**2 + 3*g + 6. Suppose -10 = -5*f, 2*i + i + 37 = 8*f. Give n(i).
-15
Let a(k) be the second derivative of k**4/12 + 8*k**3/3 + 57*k**2/2 - 2*k - 20. Give a(-8).
-7
Suppose 18 = -5*p + 3, 3*b + 2*p = 69. Let i(t) = b - t - 7 - 8. Calculate i(8).
2
Let o(j) be the third derivative of -j**4/12 + 13*j**3/6 + 19*j**2 + 2. Let v be o(9). Let t(c) = 4*c - 4. What is t(v)?
-24
Let z(d) be the third derivative of d**4/12 - 2*d**3 - 553*d**2 - d + 1. What is z(-18)?
-48
Suppose 0 = 2*s + 5*o + 18, 5*s + 3*o = -127 + 6. Let t(d) = d**3 + 28*d**2 - 32*d - 27. Calculate t(s).
60
Let n(k) = 2*k**3 + k + 1. Suppose 5*c - 44 + 24 = 0. Suppose 2*j = 2*y - 4, -c*j - 4*y - y = 8. Determine n(j).
-17
Let z(f) = 4*f + 12. Suppose 0 = -2*m - 3*b - 24, 8*m + b + 28 = 6*m. Determine z(m).
-48
Let t(a) = 2*a**3 - 37*a**2 + 18*a + 8. Let o(d) = -2*d**2 - 77*d - 288. Let k be o(-34). Calculate t(k).
8
Let l = 2342 - 2338. Suppose 19 = 3*p + 2*a, 2*a + 14 = 2*p - 12. Let w(m) = p - 3 - m - l. What is w(1)?
1
Suppose v - 6*v = -2*w + 26, -5*w + 23 = -2*v. Let p(k) = -2*k**2 + 1 - 1 + 2 + 7*k**3 - 6*k**w. Give p(2).
2
Let z be (-5)/(7*(-65)/(-1001)). Let b(h) = -2*h - 14. Give b(z).
8
Let u(n) = n**3 + n. Suppose 13 = 4*m + 1. Let p(x) = -2*x**3 - 8*x**2 - 13*x + 7. Let t(s) = m*u(s) + p(s). Let d be (296/(-16) + 14)*-2. Determine t(d).
-2
Suppose 4*j + 72 = -2*r - 0*r, 3*j + 2*r = -55. Let b = -13 - j. Let c(t) = t**2 - 4*t. Calculate c(b).
0
Suppose -2831 + 2515 = 158*o. Let m(p) = -11*p**2 + 1 - 2*p + 3*p + 1. Calculate m(o).
-44
Let w be (40/(-200))/(1/(-2495)). Let u = w + -493. Let k(d) be the second derivative of d**5/20 - 2*d**4/3 + 4*d**3/3 - d**2/2 + d. Determine k(u).
-25
Let t(a) = 33*a + a**2 - 597*a**3 - 26*a + 3*a**2 + 596*a**3 - 5. Give t(6).
-35
Let k(p) be the second derivative of 17*p**3/6 - 25*p**2 + 2*p - 309. Determine k(3).
1
Let z(o) = -16*o - 3*o - 6031*o**3 + 3*o**2 + 6042*o**3 + 7*o**2 + 27. Let d(m) = -5*m**3 - 5*m**2 + 9*m - 13. Let v(b) = -13*d(b) - 6*z(b). Determine v(5).
-8
Let c(d) = -d**3 + 3*d**2 - 3*d + 5. Let n = 26 - 6. Let m be 5/n + 297/(-4). Let j = 78 + m. Calculate c(j).
-23
Let p(s) = 5. Let l(x) = -x + 16. Let g(w) = -2*l(w) + 7*p(w). Let j(n) = -4 + 40 - 27 + 35 + 2*n - n**2. Let h be j(8). Calculate g(h).
-5
Let u(k) = k**3 - 9*k**2 + 5*k - 3. Let p(v) = -2*v**3 + 18*v**2 - 9*v + 7. Let t(c) = 3*p(c) + 7*u(c). Let h = 2002 + -1994. Calculate t(h).
0
Suppose -2*r - 2 = 4*s, 4*s = 3*r + s + 12. Let j(p) be the second derivative of 0 - 2*p**2 - 1/3*p**3 - 3*p. Calculate j(r).
2
Suppose -20*x - 1961 + 1901 = 0. Let y(q) = -q**2 + 3*q + 1. Give y(x).
-17
Let q = 75 - 66. Let c(i) = -6 - i**2 + 7*i - 6*i - q*i + 0*i**2. Determine c(-8).
-6
Let o = 3113 + -3108. Let x(a) = -a**3 - 6*a**2 + 5*a + 3. Let j(q) = -4*q**3 - 18*q**2 + 16*q + 8. Let w(s) = 2*j(s) - 7*x(s). Give w(o).
5
Let p(i) be the first derivative of -i**4/4 + 2*i**3 + 3*i**2/2 + 29*i - 4049. What is p(7)?
1
Let m(r) = -13*r**3 - 17 - 3*r + 3*r**2 + 16*r**3 + 16 + 0*r**3. Give m(2).
29
Let o be 6 + -6 - (-2 - 16/8). Let s(t) = -t**3 + 8*t**2 - 21*t + 13. Determine s(o).
-7
Let b(t) = -t**2 - t + 26. Let k = -3791 + 3786. What is b(k)?
6
Let z(l) = -1605*l - 1815. Let u(n) = -43*n - 49. Let h(t) = 75*u(t) - 2*z(t). What is h(-3)?
0
Suppose 14 = -3*q + 128. Suppose 2*f - q = -4*d, 19 = 4*d + 5*f - 16. Let x(r) = d*r**2 - 14*r**2 + 4 + r + 3*r - 3*r - r**3. Give x(-3).
-8
Let w(v) = -v - 2. Let f(j) = -j**3 - 18*j**2 - 17*j - 1. Let m be f(-17). Let n be (-3)/1*m + (-17 - -19). Suppose 5*r = 3*y, -5*r + n*y = 7 + 3. What is w(r)?
-5
Let w(m) = -13*m - 23. Let p(g) = -g**3 + 12*g**2 + 19*g - 379. Let j be p(7). Determine w(j).
-10
Let o(p) = -5*p**2 - 4*p + 3. Let r(a) = -5*a**2 - 40*a + 2. Let b be r(-8). Let g be (45/(-9) - -6)/(b - 1). Calculate o(g).
-6
Let j = -85 - -88. Suppose -2*r - 22 = -j*o + o, -4*o = -r - 53. Suppose 0 = -a + 5*i + 11, 4*a + i - o = 6*i. Let k(t) = 4*t**2 - t + 1. What is k(a)?
4
Let j = 86 + -46. Let g be 32/j - (-22)/10. Suppose 3 = -2*c - 5*v, 0 = -c - 2*c - g*v + 9. Let t(q) = q**3 - 7*q**2 + 3*q + 8. Calculate t(c).
-10
Let d(u) = -u**3 - 40*u**2 - 83*u - 6. Let j be d(-38). Suppose 0 = j*p - 250*p + 90. Let o(i) = -i**3 - 10*i**2 - 10*i - 13. Give o(p).
-4
Let z(j) = 122 - 101 - 15 - j. What is z(-3)?
9
Let b be 14/10 - (-4 + (-87)/145). Let w(o) = -o**3 + 3*o**2 + 20*o - 12. What is w(b)?
0
Let o(a) = -8*a - 11*a - 12 - 3 + 23*a. Suppose -28 = -2*j - 4*y, -j - 1 = -y - 3. Calculate o(j).
9
Let w(q) be the third derivative of q**5/30 - 3*q**4/8 - q**3 + 15*q**2 + 16. Determine w(6).
12
Let i(u) be the third derivative of -u**5/30 - 25*u**4/24 + 5*u**3/6 - 2*u**2. Suppose 5*d - 1193 = -s - 1258, -3*d - 39 = -3*s. Calculate i(d).
-8
Suppose 34*o = 91 + 79. Let v(z) = z**3 - 8*z**2 + 16*z - 2. Calculate v(o).
3
Let u(o) = 1 + 2 + o - 4. Let m = -255 - -260. Suppose -2*t - 2*q + 0 - 2 = 0, t + m*q - 7 = 0. What is u(t)?
-4
Let s(g) = -g**3 - 5*g**2 - 42*g - 143. Let z(m) = m**2 + 10*m. Let c(b) = s(b) + 4*z(b). What is c(0)?
-143
Let c(v) = 25*v - 876 + 1741 - 869. Give c(1).
21
Let j(s) = 3*s**3 - 3*s**2 - 12*s - 7. Let i(o) = 7*o**3 - 8*o**2 - 26*o - 16. Let z(n) = -2*i(n) + 5*j(n). Give z(-3).
3
Suppose 99*y - 198 = 297*y. Let v(f) = -5*f**2 + 2*f + 2. What is v(y)?
-5
Let b(r) = -r**3 - 6*r**2 - 5*r + 5. Suppose 0 = -22*m + 53 + 57. Suppose m*j + 6*o - 10*o + 569 = 0, 4*j + 456 = 3*o. Let t = j + 112. Calculate b(t).
5
Let y(m) = 3*m - 1. Suppose 170*o - 48 = 166*o. Let n be (0 - o)*(60/(-18) - -3). Calculate y(n).
11
Let s(q) = q**2 + 238*q - 484. Let r be s(2). Let k(c) = -4*c - 22. Determine k(r).
-6
Let o = -17 - -32. Suppose -5*q - o = z - 7, 0 = -z + 2*q - 1. Let c(u) = -25*u + u**2 - 33*u + 82*u - 3*u**2 - 22*u. Give c(z).
-24
Let d(v) = -v**3 - 8*v**2 - 5. Suppose p - 4 + 0 = 0. Suppose n = -k - 2*n - 8, -p*n + 32 = -4*k. Let f be d(k). Let t(h) = h**2 + 5*h - 5. Give t(f).
-5
Let d(b) = 764*b + 6116. Let p be d(-8). Let r(c) be the second derivative of c**2 - 4/3*c**3 + 7/12*c**p + 1/20*c**5 - 39*c + 0. Determine r(-8).
2
Let p = 6 + -12. Let a be p + 6/2 + 1. Let k(l) = 3 - 779*l**3 - 6 + l**2 - 2*l + 781*l**3. Calculate k(a).
-11
Let i(k) = 6*k - 12. Let g be i(7). Let n = g + -28. Suppose -5 = -f, -3*x + n*f + 13 = f. Let t(v) = v**3 - 7*v**2 + 3*v + 7. Give t(x).
-11
Let x(a) be the first derivative of -1/3*a**3 - 31 + a + 1/2*a**2. What is x(2)?
-1
Let q(m) = m**3 - 6*m**2 + 6*m - 3. Let z(y) = -y**2 - 51*y - 48. Let w = -904 + 854. Let k be z(w). Determine q(k).
-7
Suppose -5*v = -g + 28, -g - 4*v - 14 = 3. Let u(m) = m**3 + m**2 - m - 1. Let z(w) = 2*w**3 + 7*w**2 - w - 4. Let i(k) = 4*u(k) - z(k). Give i(g).
18
Let z be ((-1)/(-4))/(9/108). Let b(p) = z + 5*p + 2*p - 3*p + 4*p. Let s be 112/14 - (11 - (1 + 0)). Give b(s).
-13
Let j(z) = -46*z**2 - 52*z + 49. Let b(w) = 127*w**2 + 158*w - 149. Let i(v) = 4*b(v) + 11*j(v). Give i(-31).
5
Let x(b) be the third derivative of -b**7/840 - b**6/360 + b**4/12 - 47*b**3/6 + 3*b**2 + 12. Let i(z) be the first derivative of x(z). Give i(0).
2
Let u(n) = 2*n**2 - 7*n - 8. Let t be 128/(-1728) + (2212/(-108))/7. What is u(t)?
31
Let p(v) = -473*v**2 - 49*v + 65. Let a(t) = -91*t**2 - 9*t + 13. Let b(l) = -26*a(l) + 5*p(l). Suppose s - 4*q - 52 = -3*s, 2*s - q - 25 = 0. What is b(s)?
-1
Suppose q - 4*m - 60 = -4*q, 2*q + 4 = -4*m. Let u be (-2)/(-4) - (-12)/q. Let i(c) = 7 + 12 + c + 7*c**u + c**3 - 24. Give i(-7).
-12
Let i(l) = l - 2. Suppose 0 = -7*a + 6*a - 4, 2*a + 248 = 3*j. Let w be (-9)/6*j/30. Give i(w).
-6
Let c(n) = -n**2 - 31*n - 85. Suppose 103 = 55*b + 1185 + 403. Calculate c(b).
23
Let t(h) = 6*h + 149. Let g(c) = -2*c**3 + 5*c + 14. Let v be g(3). Let o be t(v). Let a(n) = 2*n**2 + n. What is a(o)?
1
Let m(g) = -g**3 - 5*g**2 - 2*g - 11. Suppose -40 = 11*p + 15. Let s be m(p). Let x(u) = -u**3 - u**2 - u - 1. Determine x(s).
0
Let y(r) be the second derivative of -r**3/6 + 43*r**2/2 - 2*r - 1258. Give y(28).
15
Suppose -27*c + 7*c + 100 = 0. Let l(t) = -2*t - 5 + 7 + c + t - 6. Give l(-2).
3
Let d = -7 + 5.